t common divisor of 5500944 and 108?
36
Calculate the greatest common divisor of 408 and 188394.
102
What is the greatest common divisor of 38 and 3717958?
38
Calculate the highest common divisor of 42097 and 121.
11
Calculate the highest common divisor of 39 and 20879781.
39
What is the greatest common factor of 20 and 932130?
10
What is the highest common factor of 78 and 992745?
39
What is the highest common factor of 30 and 7314110?
10
What is the highest common divisor of 265 and 3485?
5
What is the highest common factor of 33718 and 184?
46
Calculate the greatest common divisor of 49762 and 556.
278
What is the greatest common factor of 644 and 2625910?
322
What is the greatest common divisor of 217584 and 576?
144
What is the greatest common factor of 3210 and 5070?
30
Calculate the highest common divisor of 4529 and 80228.
647
Calculate the greatest common factor of 136673 and 69041.
1409
Calculate the greatest common divisor of 234492 and 18.
6
What is the greatest common factor of 2728 and 496?
248
Calculate the greatest common divisor of 136 and 8752.
8
Calculate the highest common factor of 159 and 156.
3
What is the highest common divisor of 108471 and 3249?
57
What is the highest common divisor of 37 and 6345537?
37
Calculate the greatest common factor of 39 and 23296.
13
Calculate the greatest common divisor of 131616 and 2592.
288
What is the greatest common factor of 294 and 125538?
294
Calculate the greatest common factor of 3810 and 1920.
30
Calculate the greatest common factor of 165769 and 470.
47
Calculate the highest common factor of 6023 and 4864.
19
What is the greatest common divisor of 87711 and 663?
39
What is the highest common divisor of 804 and 2948?
268
What is the highest common factor of 25777 and 519?
173
What is the greatest common divisor of 170 and 8870?
10
Calculate the highest common divisor of 50279 and 685.
137
What is the highest common divisor of 112 and 1414?
14
What is the greatest common factor of 67716 and 228?
228
Calculate the highest common divisor of 74 and 759758.
74
Calculate the greatest common factor of 58 and 139693.
29
What is the highest common factor of 1392 and 11716?
116
Calculate the highest common divisor of 1796 and 131557.
449
Calculate the greatest common divisor of 15624 and 163494.
558
What is the greatest common factor of 442473 and 5976?
249
What is the highest common divisor of 1519 and 279?
31
Calculate the highest common factor of 93 and 2236557.
93
Calculate the greatest common divisor of 52338 and 390.
78
What is the greatest common factor of 370 and 4050?
10
Calculate the highest common factor of 558532 and 39.
13
What is the highest common divisor of 8019 and 14580?
729
What is the greatest common divisor of 6913 and 2976?
31
What is the highest common divisor of 170 and 1360150?
10
What is the highest common divisor of 60 and 302?
2
Calculate the highest common factor of 1393 and 37412.
199
Calculate the highest common divisor of 6885 and 34020.
405
Calculate the greatest common divisor of 852 and 102.
6
What is the highest common factor of 68779 and 1744?
109
What is the greatest common factor of 4709123 and 2735?
547
What is the greatest common factor of 324 and 1398?
6
What is the greatest common divisor of 5226 and 9204?
78
What is the greatest common divisor of 11595 and 120?
15
What is the greatest common divisor of 9902 and 94?
2
What is the greatest common divisor of 132475 and 175?
175
Calculate the highest common factor of 441723 and 219.
219
Calculate the greatest common divisor of 748 and 6868.
68
What is the greatest common divisor of 702989 and 812?
203
Calculate the highest common factor of 13 and 127621.
13
What is the greatest common factor of 800 and 14128?
16
Calculate the greatest common divisor of 787698 and 2012.
1006
What is the highest common factor of 9080 and 20480?
40
What is the highest common factor of 380904 and 1883?
269
Calculate the highest common divisor of 85666 and 928.
58
Calculate the highest common factor of 30150 and 216.
18
What is the greatest common divisor of 5054 and 336?
14
What is the greatest common factor of 6758 and 9701?
109
What is the greatest common factor of 21 and 444206?
7
What is the highest common factor of 2599 and 759?
23
What is the highest common divisor of 880 and 104456?
88
What is the greatest common factor of 9 and 235947?
3
What is the greatest common divisor of 186 and 945066?
186
Calculate the greatest common factor of 11461 and 94681.
73
Calculate the greatest common divisor of 12 and 293154.
6
What is the highest common factor of 649 and 16093?
11
What is the greatest common divisor of 736 and 11248?
16
What is the greatest common divisor of 355 and 2297915?
355
What is the greatest common factor of 198 and 5963859?
99
What is the greatest common divisor of 2236 and 14456?
52
What is the greatest common divisor of 2898 and 43953?
483
What is the greatest common divisor of 903 and 3680628?
903
Calculate the highest common factor of 196912 and 4464.
496
What is the highest common factor of 159 and 310686?
159
What is the greatest common factor of 589169 and 119?
119
Calculate the highest common divisor of 63594 and 144.
18
Calculate the greatest common divisor of 7290 and 6750.
270
What is the greatest common factor of 280 and 3024?
56
Calculate the greatest common factor of 200704 and 320.
64
What is the highest common divisor of 843990 and 10?
10
Calculate the highest common divisor of 441 and 10125.
9
Calculate the greatest common divisor of 1426437 and 345.
69
Calculate the highest common divisor of 45 and 208935.
45
Calculate the greatest common divisor of 310532 and 116.
116
What is the highest common divisor of 934 and 3957825?
467
Calculate the greatest common factor of 1375 and 33875.
125
Calculate the highest common factor of 360 and 77592.
24
Calculate the greatest common divisor of 1102247 and 57.
19
Calculate the greatest common factor of 38277 and 36.
9
What is the greatest common divisor of 2414472 and 888?
888
Calculate the greatest common divisor of 272076 and 9471.
861
Calculate the greatest common divisor of 63 and 204273.
9
Calculate the highest common divisor of 1774307 and 493.
493
What is the highest common divisor of 58 and 10788?
58
What is the highest common divisor of 91816 and 920?
184
Calculate the highest common factor of 5369 and 2821.
91
What is the greatest common divisor of 32 and 202?
2
What is the highest common factor of 248094 and 792?
198
What is the highest common factor of 33031 and 74443?
493
Calculate the highest common divisor of 10 and 44870.
10
What is the highest common factor of 948 and 67703?
79
Calculate the greatest common factor of 825 and 49575.
75
Calculate the highest common factor of 22 and 1292962.
22
Calculate the highest common divisor of 4851608 and 778.
778
Calculate the greatest common factor of 113676 and 24.
12
What is the highest common divisor of 16 and 5341?
1
What is the highest common factor of 111 and 818551?
37
Calculate the highest common factor of 175 and 25175.
25
What is the highest common factor of 3 and 816681?
3
Calculate the greatest common factor of 4 and 65108.
4
Calculate the highest common factor of 104992 and 8.
8
What is the greatest common factor of 160 and 67250?
10
What is the greatest common factor of 16982 and 126?
14
Calculate the greatest common factor of 8 and 11363.
1
What is the greatest common divisor of 339275 and 21515?
1655
Calculate the greatest common divisor of 11684 and 127.
127
What is the highest common factor of 65225 and 25?
25
Calculate the greatest common divisor of 97622 and 114.
38
What is the greatest common factor of 154921 and 238?
17
Calculate the greatest common factor of 348486 and 6.
6
Calculate the greatest common divisor of 68 and 1971694.
34
Calculate the highest common factor of 719591 and 82.
41
What is the greatest common factor of 2370 and 1667690?
790
Calculate the highest common factor of 2626 and 7046.
26
What is the greatest common factor of 84807 and 698?
349
What is the greatest common divisor of 740240 and 16?
16
Calculate the highest common divisor of 13 and 2393261.
13
Calculate the greatest common divisor of 552 and 2376.
24
Calculate the highest common diviso